40 a factor of 10809760?
True
Is 1366384 a multiple of 1817?
True
Is 6631191 a multiple of 198?
False
Is 174 a factor of 158340?
True
Does 465 divide 380007?
False
Does 165 divide 210922?
False
Does 332 divide 62748?
True
Does 42 divide 2738442?
True
Is 889 a factor of 1601089?
True
Does 6 divide 3924620?
False
Does 2 divide 112220?
True
Is 30672 a multiple of 16?
True
Is 100 a factor of 47900?
True
Does 1544 divide 3538848?
True
Is 4 a factor of 28584?
True
Is 22 a factor of 5687084?
False
Is 7 a factor of 2956325?
False
Is 30 a factor of 297572?
False
Is 855189 a multiple of 50?
False
Does 123 divide 7483498?
False
Does 61 divide 650430?
False
Is 1282366 a multiple of 842?
True
Is 1541036 a multiple of 28?
True
Is 67710 a multiple of 61?
True
Is 15 a factor of 1115235?
True
Does 154 divide 428274?
True
Is 217427 a multiple of 623?
True
Does 151 divide 4507192?
False
Does 227 divide 738204?
True
Is 497579 a multiple of 52?
False
Is 59 a factor of 1331276?
True
Is 39 a factor of 1789788?
True
Does 10 divide 3384700?
True
Does 381 divide 1096137?
True
Is 64 a factor of 11106816?
True
Is 42 a factor of 308826?
True
Does 22 divide 1872398?
True
Does 211 divide 425821?
False
Does 236 divide 28411?
False
Is 205251 a multiple of 253?
False
Does 19 divide 2071?
True
Does 22 divide 273129?
False
Does 30 divide 106431?
False
Is 5 a factor of 1635834?
False
Is 4 a factor of 4432700?
True
Is 333561 a multiple of 252?
False
Does 2397 divide 18294132?
False
Is 604747 a multiple of 54?
False
Is 11 a factor of 9604710?
False
Is 7 a factor of 116940?
False
Is 60 a factor of 203700?
True
Is 15 a factor of 11307750?
True
Is 1359087 a multiple of 455?
False
Is 2117896 a multiple of 22?
True
Is 118845 a multiple of 285?
True
Is 52 a factor of 54964?
True
Is 2 a factor of 224739?
False
Is 153558 a multiple of 508?
False
Is 9 a factor of 7434?
True
Does 20 divide 96655?
False
Does 98 divide 19958?
False
Is 3420 a multiple of 20?
True
Is 561840 a multiple of 60?
True
Is 183438 a multiple of 79?
True
Is 333087 a multiple of 42?
False
Is 1973740 a multiple of 29?
True
Does 138 divide 1397487?
False
Is 119 a factor of 2878729?
True
Is 3896185 a multiple of 67?
False
Is 18696062 a multiple of 1557?
False
Is 3813041 a multiple of 11?
False
Is 2335270 a multiple of 14?
True
Is 1290886 a multiple of 722?
False
Does 293 divide 32845118?
False
Does 43 divide 41237?
True
Is 31 a factor of 3503?
True
Is 7 a factor of 334642?
True
Is 2264236 a multiple of 202?
False
Is 427032 a multiple of 12?
True
Does 12 divide 17058?
False
Is 30956 a multiple of 390?
False
Does 73 divide 9199151?
False
Is 111 a factor of 5512323?
False
Is 657 a factor of 6487472?
False
Does 106 divide 2237342?
True
Does 259 divide 7806778?
True
Is 34 a factor of 8862014?
False
Does 3 divide 1152957?
True
Is 228666 a multiple of 138?
True
Is 389 a factor of 20890?
False
Is 117 a factor of 2098671?
False
Does 8 divide 10088?
True
Does 25 divide 3421234?
False
Is 81 a factor of 3282330?
False
Does 858 divide 11360778?
True
Does 25 divide 113400?
True
Is 714 a factor of 1232806?
False
Does 144 divide 2040336?
True
Is 18 a factor of 1923894?
True
Does 28 divide 126896?
True
Does 4 divide 2365?
False
Is 98 a factor of 314100?
False
Is 154785 a multiple of 17?
True
Does 484 divide 2351673?
False
Is 89527 a multiple of 20?
False
Does 50 divide 23856568?
False
Is 189 a factor of 19882?
False
Is 67686 a multiple of 20?
False
Is 13 a factor of 26871?
True
Is 228731 a multiple of 208?
False
Is 86 a factor of 804960?
True
Is 128 a factor of 532608?
True
Is 2746845 a multiple of 45?
True
Is 2744538 a multiple of 11?
False
Is 21 a factor of 6500676?
True
Does 1449 divide 3941280?
True
Is 47430 a multiple of 212?
False
Does 52 divide 74464?
True
Does 24 divide 4218766?
False
Is 4 a factor of 143965?
False
Is 12947 even?
False
Does 164 divide 6667804?
False
Is 3 a factor of 1077062?
False
Does 152 divide 1539173?
False
Is 6163478 a multiple of 11?
False
Is 65 a factor of 2157375?
False
Is 4532319 a multiple of 195?
False
Does 9 divide 130837?
False
Is 80 a factor of 83920?
True
Is 91 a factor of 14512914?
False
Does 111 divide 1056720?
True
Does 16 divide 451712?
True
Is 37 a factor of 263995?
True
Is 10942747 a multiple of 667?
False
Is 9 a factor of 696080?
False
Is 19040 a multiple of 190?
False
Is 8 a factor of 188573?
False
Does 11 divide 3186568?
True
Does 165 divide 7942625?
False
Is 3224000 a multiple of 208?
True
Is 190853 a multiple of 13?
True
Is 843648 a multiple of 624?
True
Is 36 a factor of 9198189?
False
Does 962 divide 885412?
False
Is 8005016 a multiple of 154?
False
Is 289104 a multiple of 19?
True
Does 44 divide 1105060?
True
Is 2 a factor of 2038?
True
Is 1103 a factor of 20061772?
False
Is 57 a factor of 122151?
True
Does 150 divide 145854?
False
Is 2236587 a multiple of 26?
False
Is 37 a factor of 117179?
True
Does 92 divide 1708918?
False
Is 7 a factor of 264682?
False
Is 155072 a multiple of 17?
False
Is 4 a factor of 30036?
True
Is 69 a factor of 158976?
True
Is 16450 a multiple of 5?
True
Is 730335 a multiple of 9?
False
Does 11 divide 638330?
True
Is 154590 a multiple of 499?
False
Is 141 a factor of 533078?
False
Is 748240 a multiple of 995?
True
Is 37 a factor of 655492?
True
Is 62 a factor of 29933?
False
Is 16730 a multiple of 6?
False
Does 179 divide 9461224?
True
Is 5259325 a multiple of 355?
True
Is 234198 a multiple of 63?
False
Is 119 a factor of 308210?
True
Is 66434 a multiple of 100?
False
Does 306 divide 168912?
True
Is 13 a factor of 176852?
True
Does 24 divide 83880?
True
Does 147 divide 42483?
True
Is 30 a factor of 94964?
False
Does 4 divide 2801?
False
Does 5 divide 1877319?
False
Is 1014048 a multiple of 12?
True
Is 15 a factor of 132630?
True
Is 13571156 a multiple of 37?
True
Is 12 a factor of 57606?
False
Does 14 divide 270502?
False
Does 2 divide 189510?
True
Is 26 a factor of 3074370?
True
Is 12 a factor of 1109088?
True
Is 13 a factor of 1157783?
False
Is 116 a factor of 849955?
False
Is 891520 a multiple of 20?
True
Is 173028 a multiple of 352?
False
Does 11 divide 254034?
True
Is 6 a factor of 11617852?
False
Does 23 divide 6803?
False
Is 258 a factor of 1915392?
True
Is 416750 a multiple of 50?
True
Is 6 a factor of 180850?
False
Is 4125 a multiple of 11?
True
Does 65 divide 355052?
False
Is 19 a factor of 2427744?
True
Does 67 divide 204472?
False
Is 161 a factor of 362733?
True
Is 8391320 a multiple of 63?
False
Is 34 a factor of 2345965?
False
Is 176 a factor of 318384?
True
Is 12770 a multiple of 10?
True
Is 11868 a multiple of 6?
True
Is 50 a factor of 51150?
True
Is 439 a factor of 4773686?
True
Is 54 a factor of 15174?
True
Is 72 a factor of 2399476?
False
Does 100 divide 33200?
True
Is 5775405 a multiple of 3?
True
Does 18 divide 4423167?
False
Does 67 divide 53838?
False
Does 39 divide 12492?
False
Is 21 a factor of 910728?
True
Is 2 a factor of 4626?
True
Is 86058 a multiple of 21?
True
Does 28 divide 75613?
False
Is 49387 a multiple of 16?
False
Is 590 a factor of 215940?
True
Is 228 a factor of 80077?
False
Is 113270 a multiple of 10?
True
Is 30 a factor of 5286180?
True
Is 38 a factor of 1368570?
True
Is 41 a factor of 138033?
False
Is 137922 a multiple of 8?
False
Is 7897290 a multiple of 67?
True
Is 6 a factor of 3122418?
True
Is 133 a factor of 4737567?
False
Is 3636301 a multiple of 10?
False
Is 1884598 a multiple of 27?
False
Does 27 divide 46958186?
False
Is 1678946 a multiple of 81?
False
Does 24 divide 3005496?
True
Does 558 divide 14913332?
False
Is 1372097 a multiple of 11?
False
Does 129 divide 847659?
True
Is 3981730 a multiple of 10?
True
Does 1066 divide 4654994?
False
Does 52 divide 30992?
True
Is 47 a factor of 155114?
False
Is 350 a factor of 199706?
False
Does 6 divide 12851?
False
Is 21 a factor of 42478?
False
Does 53 divide 2604844?
True
Does 12 divide 1748757?
False
Does 382 divide 1407288?
True
Does 4 divide 6248?
True
Is 4 a factor of 160015?
False
Is 37 a factor of 1040222?
False
Is 1003395 a multiple of 14?
False
Does 41 divide 39073?
True
Is 618056 a multiple of 23?
True
Does 20 divide 1600740?
True
Does 188 divide 234812?
True
Is 977400 a multiple of 10?
True
Is 30152 a multiple of 8?
True
Is 85 a factor of 113499?
False
Is 